 28/24*6*136?
9
Let a = -8 + 13. Let s(o) = -13*o**2 - 9 + o**3 - o + 9*o**2 - 5 + 2. What is the units digit of s(a)?
8
Let k = 273 - -684. What is the hundreds digit of k?
9
Suppose -2*g + 160 = -3*g - 4*a, -550 = 4*g - 2*a. Let m = -37 - g. What is the units digit of m?
3
Let v be 51/(-2)*1*(-10)/15. Suppose 2*h - 40 = -l, -h = -3*l - 2*h + 110. Let y = l - v. What is the units digit of y?
9
Let q = -121 + 121. Let m be 1 + 56 + (-8)/8. Suppose q*a - d = a - m, 4*a + 2*d = 222. What is the units digit of a?
5
Let s = -7 + 8. Suppose 2*f + a = -s, -2*a - 6 = -3*f + 10. Suppose 2*j - f = j. What is the units digit of j?
2
Let d(q) = -q**2 - 6*q - 7. Let u be d(-3). Suppose 578 = 5*n - v, -u*v - 53 - 407 = -4*n. What is the units digit of n?
6
Let r be 2/5 + (-2772)/(-45). Let b = r - 41. Suppose b*k = 17*k + 96. What is the units digit of k?
4
Let g(b) be the third derivative of b**6/72 - b**5/40 + b**4/6 + 4*b**3/3 + 3*b**2. Let p(r) be the first derivative of g(r). What is the tens digit of p(-3)?
5
Let y(m) = -5*m + 139. What is the tens digit of y(-6)?
6
Let m(b) = b + 10. Let y be m(0). Let w be ((-84)/y)/((-3)/15). Suppose g = 4*g - w. What is the tens digit of g?
1
Suppose 3*y = 3 + 3. Suppose y*l - 135 = -l. What is the tens digit of l?
4
Suppose 4*i = 3*i - 59. Let z = -20 - i. What is the tens digit of z?
3
Let b be (-8)/(-14)*(-14 + 21). Let q be b*(0 - (-5)/4). What is the units digit of 1 + 21 + 20/q?
6
Suppose 2*w - 4 = 2. Suppose 5*i - 2 = w. What is the units digit of i?
1
Suppose 0 = -5*v - 3*d + 37, -2*d + 4 + 4 = 0. Suppose -4*c + 277 = -v*t, -4 = t - 7. What is the tens digit of c?
7
What is the tens digit of ((-3)/1)/(63840/7096 + -9)?
8
Let g be (1 + 1)*(-183)/6 - 1. Let z = g + 144. What is the tens digit of z?
8
Let g be 8/((-1)/(-3*4/24)). Suppose 5*q + 5*l - 12 = 598, g*q = -5*l + 491. What is the hundreds digit of q?
1
Let n = 118 + -174. What is the units digit of (1776/n)/(1/(-7))?
2
What is the tens digit of -2 - 165/10*-16?
6
Let f(x) = 4*x + 24. Let c be f(-6). Suppose -31*b + 35*b - 328 = c. What is the units digit of b?
2
Suppose 7*f - 1787 = 8020. What is the hundreds digit of f?
4
Suppose -7 - 13 = -2*i. Suppose -5*r + 110 = i. What is the tens digit of r?
2
Let b(t) = t**3 - 6*t**2 + 5*t + 4. Let s be b(5). Suppose 2*z + 6 = s*z, -5*y = -z - 152. What is the units digit of y?
1
Suppose -3*q - 3*u - 23 = -2, 3*q = -2*u - 19. What is the units digit of 10/q - (-47 - 3)?
8
Let r be 3*1 - (-7 - -7). Suppose -2*u - 3*k = -12, -3*u - 18 = -6*u - r*k. Suppose -2*i - 2*m + 8 = -u*m, 0 = -3*i + m + 7. What is the units digit of i?
2
Suppose 825 = 7*c - 6*c. What is the units digit of c?
5
Let v = 7 - -26. Let y = v + 77. What is the hundreds digit of y?
1
What is the hundreds digit of 5342/10 - 64/320?
5
Let j(o) = -o**3 + o**2 + 3*o - 2. Let v be j(2). Suppose v = 5*a - 3*i + 804, -5*i = -2*a - 0*i - 314. What is the tens digit of a/(-10) - (-1)/(-5)?
1
Let b be (-20)/(-6) + (-3)/9. Suppose 0 = -t + 4*q - 4, 2*q + q - b = -3*t. Suppose d - 3*d + 2 = t. What is the units digit of d?
1
Let k be (3/(9/37))/(24/144). Let o(j) = -2*j + 1. Let c be o(3). Let l = k + c. What is the units digit of l?
9
Let y(c) = c**3 + 11*c**2 + 10*c - 1. Let o be y(-10). Let z be (2/(-6))/(o/(-27)). What is the tens digit of z/(-6)*(-132)/(-9)?
2
Let o = -2032 + 3187. What is the thousands digit of o?
1
Let i(m) = 101*m**2 - 24*m + 114. What is the hundreds digit of i(4)?
6
Let f(o) = 13*o**2 - 4*o - 11. Let a be f(5). Let d = a + -192. Suppose -4*w + 54 = -d. What is the units digit of w?
9
Let g(t) = 8*t - 4. Let f be g(-6). Let x be (-18)/(-81) + f/(-9). Suppose 3*h + 120 = 4*b - 38, -3*h - x = 0. What is the units digit of b?
8
Let g be -6*(2 + -4 - 20/(-15)). Suppose 2*v = g*v - 144. What is the tens digit of v?
7
Let x(o) be the third derivative of -7*o**4/24 + o**3/6 + 35*o**2. What is the tens digit of x(-2)?
1
Suppose 3*b - 6*b + 21 = 0. Suppose -4*t - v = -b, -1 = v + 4. Suppose -15 = t*k, -2*s - k + 80 = -5*k. What is the units digit of s?
0
Suppose y + 0*y = 0. Let r = 146 + -123. What is the units digit of (r - -2) + (y - -1)?
6
Suppose 18 = 4*v + 2*v. Suppose 3*m + 117 = 3*q, -7*q = -v*q + 3*m - 128. What is the units digit of q?
5
Let x(k) = 64*k**2 + 3*k + 5. Let y be x(-2). Let p = y - 169. What is the tens digit of p?
8
Let p(v) = -4*v + 2. Let c be p(-5). Let q = c + -38. Let o = q - -26. What is the tens digit of o?
1
Let s = -72 - -518. What is the units digit of s?
6
Let g be 2/(-4) + 14/4. Let p be ((-32)/12)/((-2)/3). Suppose -p*v + g*i = -140, -1 = v + i - 43. What is the tens digit of v?
3
Suppose d - 684 = -3*t - t, d - 683 = -3*t. What is the hundreds digit of d?
6
Suppose -1647 = z - 10*z. Suppose -15 = -2*x - 4*o + 63, -4*x + o + z = 0. What is the units digit of x?
5
Suppose -4*n - 6 + 18 = 0. Suppose -150 = -8*t + n*t. What is the units digit of t?
0
Let a(x) = 4*x + x**3 - 4*x**2 + 2 + 3 - 5*x**2 + 5*x**2. Let i be a(4). Suppose -2*c - s = -17, 5*s + 24 + i = 3*c. What is the units digit of c?
0
Let g be 1/(-2) - (-63)/2. Let c = 66 - g. Suppose 4*z - c = 5*y + 24, 1 = y. What is the units digit of z?
6
Suppose -4*d - 4 = 5*t, -d - 3*t = 4*d + 5. Let n = 49 + d. What is the units digit of n?
8
Let n = 316 + 39. Suppose -13*w + 8*w + n = 0. What is the tens digit of w?
7
Suppose -4*r + 12952 = -32*a + 27*a, -5*r + 16235 = 5*a. What is the tens digit of r?
4
Let l be 1908/20 + (-4)/10. Let x = 57 + l. What is the units digit of x?
2
Suppose r - 3*t = -4*r + 35, 0 = 2*r + t - 3. Suppose -r*n + 10 = n. What is the units digit of n?
2
Suppose 6852 - 684 = 6*c. What is the hundreds digit of c?
0
Let i = 1538 + -109. What is the units digit of i?
9
Suppose 6*v = 4*y + v + 7, 2*y + 11 = 5*v. Suppose -y*f + 49 = -59. What is the tens digit of f?
5
Let v(u) be the second derivative of u**4/12 - 3*u**3/2 + 25*u**2/2 + u. What is the tens digit of v(10)?
3
Let w = 245 + -394. Let h = w - -208. Suppose -10*k + 9*k = -h. What is the units digit of k?
9
Let f(j) = j**2 - 19*j + 20. Let i be f(19). Let r(c) = c + 2. Let g be r(-4). What is the units digit of g + (-5)/(i/(-84))?
9
Suppose 7*q + 2*r + 7 = 12*q, 3*r + 6 = 3*q. What is the hundreds digit of (87/(-6) - -4)/(q/(-24))?
2
Let z be 1/(((-45)/(-10))/9). Suppose 14*p - z*p = 336. What is the units digit of p?
8
Let u = 398 - 647. Let v = 165 + u. Let y = v + 132. What is the units digit of y?
8
Let p be -9 + 12 - (-1 - -2). Suppose -5*a - j = -218 - 117, 5*j - 157 = -p*a. What is the units digit of a?
6
Let n(x) = x**3 - 11*x**2 + 15*x - 22. Let z be n(9). What is the tens digit of (-4)/14 + (-2023)/z?
4
Let d be 36 + -9 + 4 + 3. Let g = 40 - d. Let f = 9 - g. What is the units digit of f?
3
Let u be 2 + (-1)/(1 - 2). Let z(r) = r**2 - 5*r + 4. Let d be z(u). What is the units digit of 0 - (1 - (-6)/d)?
2
Let y be 2/7 - (-6601)/49. What is the units digit of y + 0 + -1 + -2?
2
What is the hundreds digit of (13/(-26))/((-4)/47176)?
8
Let d(z) = -z**3 + 37*z**2 + 46*z + 91. What is the units digit of d(38)?
5
Let h(b) = b**3 - 2*b**2 + b + 2. Let m be h(2). Suppose 20 = -4*w, q - m*q = 4*w - 16. What is the tens digit of q?
1
Suppose -5*t = -4*k + 369, -3*t = -0*t + 5*k + 214. Let g = t + 120. What is the tens digit of g?
4
Suppose 2*l + 104 - 37 = 5*o, 0 = 5*o + l - 79. Let a = o - 15. Suppose a = -i - 2 + 41. What is the units digit of i?
9
Suppose 5*m - 14 - 6 = 0. Suppose 0 = m*i - 191 + 59. What is the units digit of i + (4 - 2 - 4)?
1
Let n = -115 + 370. What is the units digit of n?
5
Suppose 1988 = -6*p - 1012. Let j = p + 706. What is the tens digit of j?
0
Suppose 0*x - 4*x = -4*q + 20, -3*x - 16 = -4*q. Let z be (6/x)/((-1)/2). Suppose 69 = c - k, -252 = z*c - 7*c - 4*k. What is the tens digit of c?
6
Let o(k) = k**2 + 4*k + 5. Let x be o(-3). What is the units digit of x/(-7) - ((-1068)/14 - -4)?
2
Let f(n) = 2*n**2 - 5*n - 9. Suppose 3*t + 0*q + 4*q = -5, -4*t = -2*q - 30. What is the units digit of f(t)?
6
Suppose 0 = -11*c + 511 + 930. Let w = -52 + c. What is the units digit of w?
9
Suppose 3*q + 4*f - 601 = 0, -5*q = -5*f - 594 - 396. What is the units digit of q?
9
Suppose -p - r = -15, 4*p - 56 = -0*r - 3*r. Suppose p*y - 12*y + 28 = 0. What 